 what is 590 + 32?
602
In base 16, what is cc + -71?
5b
In base 11, what is 2 + 4126?
4128
In base 13, what is 1c0 - -266?
456
In base 10, what is -8 + -32782?
-32790
In base 9, what is -175 - -50?
-125
In base 6, what is 31 - -5031?
5102
In base 13, what is -26544 - 6?
-2654a
In base 12, what is -229b + -1a?
-22b9
In base 15, what is -22 + 1bc0?
1b9d
In base 13, what is -4787 + -11?
-4798
In base 12, what is 3 + 4217?
421a
In base 14, what is a - -1b9c4?
1b9d0
In base 10, what is 4 - -5617?
5621
In base 10, what is -1190 + -61?
-1251
In base 7, what is 4206 - 24?
4152
In base 4, what is -3 + -2013311?
-2013320
In base 3, what is 0 + 1210002220?
1210002220
In base 7, what is -515531 + 4?
-515524
In base 6, what is -1 - 545341?
-545342
In base 7, what is 305 + 51545?
52153
In base 2, what is -100 - -11000010000100?
11000010000000
In base 11, what is 5 - 73500?
-734a6
In base 10, what is 17210 + 43?
17253
In base 7, what is 13 - -35222?
35235
In base 15, what is 1027c - -2?
1027e
In base 5, what is -14 - 21421411?
-21421430
In base 5, what is 14401 - 2?
14344
In base 6, what is -3325 - -12?
-3313
In base 15, what is 13 + -9aa6?
-9a93
In base 15, what is a2 + -4ab?
-409
In base 11, what is 19 - 27272?
-27254
In base 11, what is 1149a + 5?
114a4
In base 11, what is -874282 + -4?
-874286
In base 14, what is 341 + -73?
2ac
In base 7, what is -4225 - 434?
-4662
In base 16, what is 1ba7 + 22?
1bc9
In base 9, what is -1080 - 225?
-1315
In base 10, what is 3 - -4402?
4405
In base 5, what is -1 + 2002440?
2002434
In base 14, what is -3b82 + 9?
-3b77
In base 4, what is 1 + -2023311?
-2023310
In base 7, what is -1002061 - -6?
-1002052
In base 8, what is -3 + -1141?
-1144
In base 2, what is 101 + 1011000001101101100?
1011000001101110001
In base 9, what is -3 - 14?
-17
In base 5, what is 4034 - 34?
4000
In base 13, what is 2 - -20399?
2039b
In base 11, what is 11 - 68906?
-688a5
In base 14, what is -1 + 29b8?
29b7
In base 7, what is 1326 - -463?
2122
In base 12, what is -1372 - -2a?
-1344
In base 8, what is -11 - 1721?
-1732
In base 6, what is 11 - 500313?
-500302
In base 6, what is 1 + -115512?
-115511
In base 14, what is da63b - 0?
da63b
In base 2, what is -11 - -100000110001011?
100000110001000
In base 11, what is 90 + -9091?
-9001
In base 7, what is 1151 - 1046?
102
In base 2, what is 1010000 + -1111001101?
-1101111101
In base 7, what is 1166 - 2?
1164
In base 10, what is 3 + 27095?
27098
In base 5, what is -224023 - -303?
-223220
In base 2, what is 11110011001 - -10001?
11110101010
In base 8, what is -4 + -10204?
-10210
In base 14, what is -18 + -63a?
-654
In base 10, what is -8 + -9307?
-9315
In base 15, what is c89d1 + -3?
c89cd
In base 8, what is 155 + -114266?
-114111
In base 5, what is -214 - -33132?
32413
In base 3, what is 110 - 1011022101?
-1011021221
In base 6, what is 11232442 - 5?
11232433
In base 7, what is 52626 + 10?
52636
In base 4, what is 22220112 - 101?
22220011
In base 10, what is 1224168 + 0?
1224168
In base 9, what is 43251 - -31?
43282
In base 15, what is d + e5e?
e6c
In base 12, what is -b04 + 42?
-a82
In base 12, what is -1463b4 + -3?
-1463b7
In base 3, what is 1110211 + 211?
1111122
In base 10, what is 259389 - -2?
259391
In base 6, what is 4 - -155211?
155215
In base 16, what is -3a - 9f?
-d9
In base 4, what is -310 - -113303?
112333
In base 15, what is 9 - -163c?
1646
In base 15, what is 84 - a44e?
-a3ba
In base 11, what is -3242 + 5a?
-3193
In base 2, what is 0 - 100000011010100101110?
-100000011010100101110
In base 4, what is 100 - 13320?
-13220
In base 12, what is -b - 190a6?
-190b5
In base 5, what is 3210331 - -3?
3210334
In base 16, what is 5728 + 1f?
5747
In base 6, what is 33154 + -4?
33150
In base 8, what is -5 + 1545550?
1545543
In base 8, what is 257 - -16?
275
In base 10, what is 1 + -436698?
-436697
In base 15, what is 5e1a7 - -3?
5e1aa
In base 3, what is -22120201 - -1200?
-22112001
In base 9, what is -5 - -10156?
10151
In base 4, what is -3 - -100221?
100212
In base 14, what is -1 - 3c9d?
-3ca0
In base 7, what is 255 - -36031?
36316
In base 11, what is 7357 - -40?
7397
In base 13, what is 5 - 60b1b?
-60b16
In base 4, what is -20313 - -2?
-20311
In base 8, what is -21 - -1037?
1016
In base 7, what is -40025111 + -5?
-40025116
In base 11, what is 346 + -71?
285
In base 4, what is 2 + 21233212?
21233220
In base 12, what is -2b966 - 0?
-2b966
In base 3, what is 10 + 12220211210?
12220211220
In base 2, what is 101100110 + 101?
101101011
In base 6, what is -5244414 + -2?
-5244420
In base 9, what is 0 + -26815?
-26815
In base 13, what is 302 + -44?
28b
In base 15, what is -3 - 1e7236?
-1e7239
In base 16, what is -479e + 1?
-479d
In base 6, what is 1202 + 10022?
11224
In base 14, what is 0 - 603?
-603
In base 5, what is 230 - 13103?
-12323
In base 9, what is 41 - -204145?
204186
In base 16, what is 140 + 3?
143
In base 8, what is -474633 - 5?
-474640
In base 14, what is -4b - 269?
-2b6
In base 5, what is -33034 - 3141?
-41230
In base 8, what is -1677 + -25?
-1724
In base 12, what is -1b4 + -4b76?
-516a
In base 7, what is 1 + -40044?
-40043
In base 12, what is -1 + -165949?
-16594a
In base 11, what is -6 + -8412?
-8418
In base 8, what is 212 + -504?
-272
In base 3, what is 22201 - -22211220?
100011121
In base 11, what is -11 + -364a?
-3660
In base 8, what is -3 - 7135?
-7140
In base 7, what is 0 - 133462?
-133462
In base 9, what is -2301320 - 1?
-2301321
In base 12, what is -72 + 1237?
1185
In base 5, what is 303413 + 110?
304023
In base 5, what is 2 - 1132033?
-1132031
In base 8, what is -254434 + 35?
-254377
In base 4, what is -23202 + -203220?
-233022
In base 8, what is -3 + 10647?
10644
In base 2, what is -1111 - -110100010101010010?
110100010101000011
In base 2, what is -10011111100011 + 10011?
-10011111010000
In base 9, what is 17400 - 8?
17381
In base 2, what is 1110000110101011000 + 0?
1110000110101011000
In base 15, what is 1 - 74a?
-749
In base 4, what is -2 - 100021121?
-100021123
In base 2, what is -11001 + 101001101100?
101001010011
In base 4, what is -1220313 + -1300?
-1222213
In base 12, what is -b420 + -2?
-b422
In base 6, what is 10525 - 1035?
5450
In base 2, what is -11111111100011101101 + 0?
-11111111100011101101
In base 14, what is -85c6d - -1?
-85c6c
In base 16, what is 277e + 54?
27d2
In base 3, what is -20002221 + 11?
-20002210
In base 11, what is -1 + 14974?
14973
In base 4, what is 233 + -10121?
-3222
In base 4, what is -13133021002 - -3?
-13133020333
In base 3, what is 11 + -102021012?
-102021001
In base 3, what is -210220022 + -20210?
-211011002
In base 10, what is -919728 + 5?
-919723
In base 3, what is -1 - -22110010020?
22110010012
In base 14, what is 968 + 26?
990
In base 12, what is 17a0730 + -4?
17a0728
In base 15, what is 4a - -b70?
bba
In base 15, what is -2229 + 1a?
-220e
In base 16, what is -54e - -3c?
-512
In base 10, what is -24956 + -3?
-24959
In base 9, what is 13 - 81256?
-81243
In base 5, what is 113230 - -34?
113314
In base 8, what is -63121 - -100?
-63021
In base 11, what is -2807 + -2?
-2809
In base 12, what is -136 - -2431?
22b7
In base 11, what is 1 + 11205?
11206
In base 13, what is 42 + 327?
369
In base 5, what is 12403414 + -10?
12403404
In base 6, what is -3005 - -5530?
2521
In base 7, what is 21 - -44232?
44253
In base 12, what is -15 - -14a?
135
In base 4, what is 1000 - 12112?
-11112
In base 4, what is -10011312 - 13?
-10011331
In base 6, what is 2320450 - -5?
2320455
In base 5, what is -1104 + 10102?
3443
In base 13, what is 740 + -c8?
645
In base 9, what is 0 - -23048?
23048
In base 10, what is -7625 - 20?
-7645
In base 6, what is -31 + 1030340?
1030305
In base 11, what is -a - -9913?
9904
In base 13, what is -42 + 424?
3b2
In base 10, what is 49698 - 1?
49697
In base 3, what is -1020 + 2121221?
2120201
In base 10, what is -11348 - -3?
-11345
In base 4, what is -331000 - 33?
-331033
In base 10, what is -216 - 16937?
-17153
In base 13, what is -222 - 30?
-252
In base 3, what is -1120112221 + -2?
-1120120000
In base 2, what is 101100111000 - -1010110?
101110001110
In base 14, what is -5 - 7353?
-7358
In base 8, what is 33 - 13352?
-13317
In base 3, what is -122222 - -22?
-122200
In base 11, what is 45 + 14102?
14147
In base 13, what is 9 - 10a7a?
-10a71
In base 6